{"id":13,"date":"2014-01-20T18:40:15","date_gmt":"2014-01-20T17:40:15","guid":{"rendered":"http:\/\/localhost:8888\/?page_id=13"},"modified":"2025-09-30T08:19:13","modified_gmt":"2025-09-30T07:19:13","slug":"seminaires-et-groupe","status":"publish","type":"page","link":"https:\/\/www.echappeeverte.com\/kayak-eco-tourisme\/seminaires-et-groupe\/","title":{"rendered":"S\u00e9minaires &#038; Groupes"},"content":{"rendered":"<p>[et_pb_section fb_built=\u00a0\u00bb1&Prime; _builder_version=\u00a0\u00bb4.21.0&Prime; background_color=\u00a0\u00bbrgba(0,0,0,0.05)\u00a0\u00bb background_image=\u00a0\u00bbhttps:\/\/www.echappeeverte.com\/kayak-eco-tourisme\/wp-content\/uploads\/2020\/03\/A__C6FC.jpg\u00a0\u00bb custom_padding=\u00a0\u00bb0px|0px|300px|0px|false|false\u00a0\u00bb global_colors_info=\u00a0\u00bb{}\u00a0\u00bb][\/et_pb_section][et_pb_section fb_built=\u00a0\u00bb1&Prime; admin_label=\u00a0\u00bbsection\u00a0\u00bb _builder_version=\u00a0\u00bb4.16&Prime; custom_padding=\u00a0\u00bb0|0px|2px|0px|false|false\u00a0\u00bb global_colors_info=\u00a0\u00bb{}\u00a0\u00bb][et_pb_row column_structure=\u00a0\u00bb3_5,2_5&Prime; admin_label=\u00a0\u00bbrow\u00a0\u00bb _builder_version=\u00a0\u00bb4.16&Prime; background_size=\u00a0\u00bbinitial\u00a0\u00bb background_position=\u00a0\u00bbtop_left\u00a0\u00bb background_repeat=\u00a0\u00bbrepeat\u00a0\u00bb custom_padding=\u00a0\u00bb27px|0px|0|0px|false|false\u00a0\u00bb global_colors_info=\u00a0\u00bb{}\u00a0\u00bb][et_pb_column type=\u00a0\u00bb3_5&Prime; _builder_version=\u00a0\u00bb4.16&Prime; custom_padding=\u00a0\u00bb|||\u00a0\u00bb global_colors_info=\u00a0\u00bb{}\u00a0\u00bb custom_padding__hover=\u00a0\u00bb|||\u00a0\u00bb][et_pb_text admin_label=\u00a0\u00bbText\u00a0\u00bb _builder_version=\u00a0\u00bb4.16&Prime; background_size=\u00a0\u00bbinitial\u00a0\u00bb background_position=\u00a0\u00bbtop_left\u00a0\u00bb background_repeat=\u00a0\u00bbrepeat\u00a0\u00bb global_colors_info=\u00a0\u00bb{}\u00a0\u00bb]<\/p>\n<div class=\"et_pb_module et_pb_text et_pb_text_0 et_pb_bg_layout_light  et_pb_text_align_left\">\n<div class=\"et_pb_text_inner\">\n<h2><span style=\"font-size: xx-large;\">S\u00e9minaires, soir\u00e9es d&rsquo;entreprise &amp; groupes<\/span><\/h2>\n<p>Pour les groupes, nous proposons des formules \u00e0 th\u00e8mes sur mesure, adapt\u00e9es \u00e0 votre profil et \u00e0 vos attentes. Les principales activit\u00e9s se situent \u00e0 notre cabane \u00e0 Mauguio ou nous disposons d&rsquo;un site exceptionnel. Nos activit\u00e9s se d\u00e9roulent \u00e9galement de la Petite Camargue\u00a0 jusqu&rsquo;\u00e0 Bouzigues, sur l&rsquo;\u00e9tang de Thau, et m\u00eame dans l&rsquo;arri\u00e8re pays. Les possibilit\u00e9s sont multiples et toujours originales !<\/p>\n<p>C\u2019est pourquoi, n\u2019h\u00e9sitez \u00e0 nous faire part de vos demandes concernant l\u2019organisation de vos sorties, nous vous ferons une proposition rapide selon votre profil et vos souhaits.<\/p>\n<\/div>\n<\/div>\n<p>[\/et_pb_text][et_pb_button button_url=\u00a0\u00bbhttps:\/\/www.echappeeverte.com\/kayak-eco-tourisme\/contact\/\u00a0\u00bb button_text=\u00a0\u00bbInfos et devis\u00a0\u00bb button_alignment=\u00a0\u00bbright\u00a0\u00bb _builder_version=\u00a0\u00bb4.16&Prime; global_colors_info=\u00a0\u00bb{}\u00a0\u00bb][\/et_pb_button][\/et_pb_column][et_pb_column type=\u00a0\u00bb2_5&Prime; _builder_version=\u00a0\u00bb4.16&Prime; custom_padding=\u00a0\u00bb|||\u00a0\u00bb global_colors_info=\u00a0\u00bb{}\u00a0\u00bb custom_padding__hover=\u00a0\u00bb|||\u00a0\u00bb][et_pb_text _builder_version=\u00a0\u00bb4.16&Prime; background_color=\u00a0\u00bbrgba(0,0,0,0.05)\u00a0\u00bb custom_padding=\u00a0\u00bb|25px||\u00a0\u00bb border_width_left=\u00a0\u00bb1px\u00a0\u00bb border_style_left=\u00a0\u00bbdashed\u00a0\u00bb inline_fonts=\u00a0\u00bbAmatic SC\u00a0\u00bb global_colors_info=\u00a0\u00bb{}\u00a0\u00bb]<\/p>\n<p style=\"padding-left: 30px;\">\n<p style=\"padding-left: 30px;\">\n<p style=\"padding-left: 30px;\">\n<p style=\"padding-left: 30px;\"><span style=\"font-family: Amatic SC; font-weight: normal; font-size: xx-large;\">\u232a Le mot du guide<\/span><\/p>\n<blockquote>\n<p style=\"padding-left: 30px;\"><em>Gr\u00e2ce \u00e0 une bonne exp\u00e9rience de terrain je propose diverses prestations \u00e0 la carte pour les groupes . Si vous souhaitez une activit\u00e9 originale et hors des sentiers battus n\u2019h\u00e9sitez-pas \u00e0 m\u2019en faire part, j\u2019\u00e9tudierai votre demande dans les meilleurs d\u00e9lais.<\/em><\/p>\n<\/blockquote>\n<p style=\"padding-left: 30px;\">\n<p style=\"padding-left: 30px;\">\n<p style=\"padding-left: 30px;\">\n<p style=\"padding-left: 30px;\">\n<p>[\/et_pb_text][\/et_pb_column][\/et_pb_row][et_pb_row _builder_version=\u00a0\u00bb4.16&Prime; custom_padding=\u00a0\u00bb21px|0px|4px|0px|false|false\u00a0\u00bb global_colors_info=\u00a0\u00bb{}\u00a0\u00bb][et_pb_column type=\u00a0\u00bb4_4&Prime; _builder_version=\u00a0\u00bb4.16&Prime; custom_padding=\u00a0\u00bb|||\u00a0\u00bb global_colors_info=\u00a0\u00bb{}\u00a0\u00bb custom_padding__hover=\u00a0\u00bb|||\u00a0\u00bb][et_pb_text _builder_version=\u00a0\u00bb4.16&Prime; global_colors_info=\u00a0\u00bb{}\u00a0\u00bb]<\/p>\n<h2><span style=\"font-size: large;\"><strong>Quelques propositions pour les groupes et s\u00e9minaires&#8230;<\/strong><\/span><\/h2>\n<p>[\/et_pb_text][\/et_pb_column][\/et_pb_row][et_pb_row column_structure=\u00a0\u00bb1_2,1_2&Prime; _builder_version=\u00a0\u00bb4.16&Prime; global_colors_info=\u00a0\u00bb{}\u00a0\u00bb][et_pb_column type=\u00a0\u00bb1_2&Prime; _builder_version=\u00a0\u00bb4.16&Prime; custom_padding=\u00a0\u00bb|||\u00a0\u00bb global_colors_info=\u00a0\u00bb{}\u00a0\u00bb custom_padding__hover=\u00a0\u00bb|||\u00a0\u00bb][et_pb_text _builder_version=\u00a0\u00bb4.16&Prime; global_colors_info=\u00a0\u00bb{}\u00a0\u00bb]<\/p>\n<p style=\"text-align: justify;\"><strong>Eco-circuit kayak au coucher de soleil (+ brasucade moules)<\/strong><br \/>Effectu\u00e9e sur l\u2019\u00e9tang de l\u2019Or, cette formule remporte toujours un franc succ\u00e8s depuis de nombreuses ann\u00e9es. C\u2019est avant tout un moiment de d\u00e9tente et une d\u00e9couverte guid\u00e9e et comment\u00e9e de l\u2019\u00e9tang, particuli\u00e8rement riche par sa faune, sa flore, ses traditions de p\u00eache, les couleurs, la vie aquatique. Les couleurs du soir sont superbes. L\u2019activit\u00e9 peut se cl\u00f4turer par une \u00ab Brasucade de moules \u00bb typique et conviviale,\u00a0 ou par un pique-nique du terroir. Id\u00e9al pour groupes d\u2019amis, soci\u00e9t\u00e9s&#8230;etc<\/p>\n<p>[\/et_pb_text][et_pb_image src=\u00a0\u00bbhttps:\/\/www.echappeeverte.com\/kayak-eco-tourisme\/wp-content\/uploads\/2023\/06\/IMG_5030-scaled.webp\u00a0\u00bb title_text=\u00a0\u00bbIMG_5030&Prime; align_tablet=\u00a0\u00bbcenter\u00a0\u00bb align_phone=\u00a0\u00bbcenter\u00a0\u00bb align_last_edited=\u00a0\u00bbon|desktop\u00a0\u00bb _builder_version=\u00a0\u00bb4.24.2&Prime; custom_margin=\u00a0\u00bb-15px||\u00a0\u00bb global_colors_info=\u00a0\u00bb{}\u00a0\u00bb][\/et_pb_image][\/et_pb_column][et_pb_column type=\u00a0\u00bb1_2&Prime; _builder_version=\u00a0\u00bb4.16&Prime; custom_padding=\u00a0\u00bb|||\u00a0\u00bb global_colors_info=\u00a0\u00bb{}\u00a0\u00bb custom_padding__hover=\u00a0\u00bb|||\u00a0\u00bb][et_pb_text _builder_version=\u00a0\u00bb4.21.0&Prime; global_colors_info=\u00a0\u00bb{}\u00a0\u00bb]<\/p>\n<p style=\"text-align: justify;\"><b>\u00c9co-tour Can\u00f6e Canadien g\u00e9ant 15 personnes<br \/><\/b><\/p>\n<p style=\"text-align: justify;\">Ces embarcations originales peuvent accueillir des \u00e9quipages jusqu&rsquo;\u00e0 15 personnes et deux canots sont disponibles : des groupes d&rsquo;amis, des coll\u00e8gues de travail ou des familles.. Pour les passionn\u00e9s de nature et d&rsquo;\u00e9cotourisme c&rsquo;est l&#8217;embarcation id\u00e9ale. Tr\u00e8s stable elle s&rsquo;adresse \u00e0 tous les publics et permet surtout de naviguer compl\u00e8tement au sec toute l&rsquo;ann\u00e9e!!\u00a0 C&rsquo;est aussi une embarcation tr\u00e8s ludique pour vos op\u00e9rations Sport Sant\u00e9 ou pour vos Challenges d&rsquo;Entreprise car elle n\u00e9cessite une bonne coh\u00e9sion du groupe! renseignement au 06 13 07 04 03.<\/p>\n<p>[\/et_pb_text][et_pb_image src=\u00a0\u00bbhttps:\/\/www.echappeeverte.com\/kayak-eco-tourisme\/wp-content\/uploads\/2024\/11\/IMG_1152-scaled.webp\u00a0\u00bb title_text=\u00a0\u00bbIMG_1152&Prime; _builder_version=\u00a0\u00bb4.24.2&Prime; _module_preset=\u00a0\u00bbdefault\u00a0\u00bb min_height=\u00a0\u00bb528px\u00a0\u00bb height=\u00a0\u00bb517px\u00a0\u00bb max_height=\u00a0\u00bb532px\u00a0\u00bb global_colors_info=\u00a0\u00bb{}\u00a0\u00bb][\/et_pb_image][\/et_pb_column][\/et_pb_row][et_pb_row column_structure=\u00a0\u00bb1_2,1_2&Prime; _builder_version=\u00a0\u00bb4.16&Prime; custom_padding=\u00a0\u00bb29px|0px|30px|0px|false|false\u00a0\u00bb global_colors_info=\u00a0\u00bb{}\u00a0\u00bb][et_pb_column type=\u00a0\u00bb1_2&Prime; _builder_version=\u00a0\u00bb4.16&Prime; custom_padding=\u00a0\u00bb|||\u00a0\u00bb global_colors_info=\u00a0\u00bb{}\u00a0\u00bb custom_padding__hover=\u00a0\u00bb|||\u00a0\u00bb][et_pb_text _builder_version=\u00a0\u00bb4.16&Prime; global_colors_info=\u00a0\u00bb{}\u00a0\u00bb]<\/p>\n<p style=\"text-align: justify;\"><strong>Ambiance Team Building avec notre <em>Challenge Aquatique<\/em> Canoe g\u00e9ant, kayak ou paddle!<\/strong><br \/>Une formule plus tonique \u00e0 destination des entreprises:\u00a0 construction de radeau, course de paddle, relais nautiques ou jeux sur plage&#8230; les possibilit\u00e9 sont nombreuses et permettent de resserrer les liens en sortant en douceur de sa zone de confort! Un repas peut \u00eatre organis\u00e9 en fin d\u2019activit\u00e9 pour plus de convivialit\u00e9.\u00a0<\/p>\n<p>[\/et_pb_text][et_pb_image src=\u00a0\u00bbhttps:\/\/www.echappeeverte.com\/kayak-eco-tourisme\/wp-content\/uploads\/2024\/04\/IMG_7453-scaled.webp\u00a0\u00bb title_text=\u00a0\u00bbIMG_7453&Prime; align_tablet=\u00a0\u00bbcenter\u00a0\u00bb align_phone=\u00a0\u00bbcenter\u00a0\u00bb align_last_edited=\u00a0\u00bbon|desktop\u00a0\u00bb _builder_version=\u00a0\u00bb4.24.2&Prime; custom_margin=\u00a0\u00bb-15px||\u00a0\u00bb global_colors_info=\u00a0\u00bb{}\u00a0\u00bb][\/et_pb_image][et_pb_text _builder_version=\u00a0\u00bb4.16&Prime; locked=\u00a0\u00bboff\u00a0\u00bb global_colors_info=\u00a0\u00bb{}\u00a0\u00bb][\/et_pb_text][\/et_pb_column][et_pb_column type=\u00a0\u00bb1_2&Prime; _builder_version=\u00a0\u00bb4.16&Prime; custom_padding=\u00a0\u00bb|||\u00a0\u00bb global_colors_info=\u00a0\u00bb{}\u00a0\u00bb custom_padding__hover=\u00a0\u00bb|||\u00a0\u00bb][et_pb_text _builder_version=\u00a0\u00bb4.24.2&Prime; hover_enabled=\u00a0\u00bb0&Prime; global_colors_info=\u00a0\u00bb{}\u00a0\u00bb sticky_enabled=\u00a0\u00bb0&Prime;]<\/p>\n<p style=\"text-align: justify;\"><strong>Olympiades terrestres<\/strong> sur notre site priv\u00e9 privil\u00e9gi\u00e9 en pleine nature et aux portes de Montpellier\u00a0<br \/>Cette formule est adapt\u00e9e pour les groupes de 20 \u00e0 150 personnes. Sur un espace de 6000 m2 des ateliers ludiques sont dispos\u00e9s permettant ainsi aux \u00e9quipes de s&rsquo;affronter dans la convivialit\u00e9. Activit\u00e9s aux choix: Tir \u00e0 la corde, tir \u00e0 l&rsquo;arc, p\u00e9tanque, \u00ab\u00a0chamboule tout\u00a0\u00bb, pyramide humaine, Volley ball, Cano\u00eb, mini course d&rsquo;orientation, VTT, atelier d\u00e9gustation et devinettes&#8230; etc Possibilit\u00e9 de repas typiques apr\u00e8s l&rsquo;activit\u00e9<\/p>\n<p>[\/et_pb_text][et_pb_image src=\u00a0\u00bbhttps:\/\/www.echappeeverte.com\/kayak-eco-tourisme\/wp-content\/uploads\/2025\/09\/7E04F84B-63E2-4E24-BEC7-A4A9DD819213_1_105_c.webp\u00a0\u00bb title_text=\u00a0\u00bb7E04F84B-63E2-4E24-BEC7-A4A9DD819213_1_105_c\u00a0\u00bb align_tablet=\u00a0\u00bbcenter\u00a0\u00bb align_phone=\u00a0\u00bbcenter\u00a0\u00bb align_last_edited=\u00a0\u00bbon|desktop\u00a0\u00bb _builder_version=\u00a0\u00bb4.24.2&Prime; custom_margin=\u00a0\u00bb-15px||\u00a0\u00bb hover_enabled=\u00a0\u00bb0&Prime; global_colors_info=\u00a0\u00bb{}\u00a0\u00bb sticky_enabled=\u00a0\u00bb0&Prime;][\/et_pb_image][\/et_pb_column][\/et_pb_row][et_pb_row _builder_version=\u00a0\u00bb4.16&Prime; custom_padding=\u00a0\u00bb25.85px|0px|16px|0px|false|false\u00a0\u00bb global_colors_info=\u00a0\u00bb{}\u00a0\u00bb][et_pb_column type=\u00a0\u00bb4_4&Prime; _builder_version=\u00a0\u00bb4.16&Prime; custom_padding=\u00a0\u00bb|||\u00a0\u00bb global_colors_info=\u00a0\u00bb{}\u00a0\u00bb custom_padding__hover=\u00a0\u00bb|||\u00a0\u00bb][et_pb_button button_url=\u00a0\u00bbhttps:\/\/www.echappeeverte.com\/kayak-eco-tourisme\/contact\/\u00a0\u00bb button_text=\u00a0\u00bbInfos &#038; devis\u00a0\u00bb button_alignment=\u00a0\u00bbright\u00a0\u00bb _builder_version=\u00a0\u00bb4.16&Prime; global_colors_info=\u00a0\u00bb{}\u00a0\u00bb][\/et_pb_button][et_pb_divider _builder_version=\u00a0\u00bb4.16&Prime; global_colors_info=\u00a0\u00bb{}\u00a0\u00bb][\/et_pb_divider][\/et_pb_column][\/et_pb_row][\/et_pb_section][et_pb_section fb_built=\u00a0\u00bb1&Prime; theme_builder_area=\u00a0\u00bbpost_content\u00a0\u00bb _builder_version=\u00a0\u00bb4.24.2&Prime; _module_preset=\u00a0\u00bbdefault\u00a0\u00bb][et_pb_row _builder_version=\u00a0\u00bb4.24.2&Prime; _module_preset=\u00a0\u00bbdefault\u00a0\u00bb theme_builder_area=\u00a0\u00bbpost_content\u00a0\u00bb][et_pb_column _builder_version=\u00a0\u00bb4.24.2&Prime; _module_preset=\u00a0\u00bbdefault\u00a0\u00bb theme_builder_area=\u00a0\u00bbpost_content\u00a0\u00bb type=\u00a0\u00bb4_4&Prime;][\/et_pb_column][\/et_pb_row][\/et_pb_section][et_pb_section fb_built=\u00a0\u00bb1&Prime; theme_builder_area=\u00a0\u00bbpost_content\u00a0\u00bb _builder_version=\u00a0\u00bb4.24.2&Prime; _module_preset=\u00a0\u00bbdefault\u00a0\u00bb][\/et_pb_section]<\/p>\n","protected":false},"excerpt":{"rendered":"<p>S\u00e9minaires, soir\u00e9es d&rsquo;entreprise &amp; groupes Pour les groupes, nous proposons des formules \u00e0 th\u00e8mes sur mesure, adapt\u00e9es \u00e0 votre profil et \u00e0 vos attentes. Les principales activit\u00e9s se situent \u00e0 [&hellip;]<\/p>\n","protected":false},"author":1,"featured_media":0,"parent":0,"menu_order":4,"comment_status":"closed","ping_status":"closed","template":"","meta":{"_et_pb_use_builder":"on","_et_pb_old_content":"<h3>L'\u00c9chapp\u00e9e Verte, agence s\u00e9minaire et accueil des groupes.<\/h3>\nGr\u00e2ce \u00e0 une grande connaissance de la r\u00e9gion nous pouvons proposer des prestations sportives tr\u00e8s originales et ludiques destin\u00e9es aux groupes constitu\u00e9s \u00e0 partir de 8 personnes. Toutes nos prestations et circuits ainsi que le mat\u00e9riel sont adapt\u00e9s en fonction de la nature, de l'\u00e2ge et des souhaits du groupe.\n- Scolaires, centre de loisirs, centre a\u00e9r\u00e9\n- Groupes d\u2019amis, familles\n- Entreprises\u00a0: s\u00e9minaires et tourisme d\u2019affaire\n<h2><a href=\"https:\/\/www.echappeeverte.com\/kayak-eco-tourisme\/kayak-de-mer\/descente-en-canoe\/\">Challenge aquatique H\u00e9rault<\/a><\/h2>\n<a href=\"https:\/\/www.echappeeverte.com\/kayak-eco-tourisme\/kayak-de-mer\/descente-en-canoe\/\"><img class=\"alignnone wp-image-88\" src=\"https:\/\/www.echappeeverte.com\/kayak-eco-tourisme\/wp-content\/uploads\/2014\/01\/echappee-verte-kayak-eco-tourisme-montpellier-herault-2.jpg\" alt=\"echappee-verte-kayak-eco-tourisme-montpellier-herault-2\" width=\"460\" height=\"209\" \/><\/a>\n<h2><a href=\"https:\/\/www.echappeeverte.com\/kayak-eco-tourisme\/kayak-de-mer\/decouverte-des-etangs-en-kayak\/\">\u00c9co-circuits guid\u00e9s en kayak<\/a><\/h2>\n<a href=\"https:\/\/www.echappeeverte.com\/kayak-eco-tourisme\/kayak-de-mer\/decouverte-des-etangs-en-kayak\/\"><img class=\"alignnone wp-image-97\" src=\"https:\/\/www.echappeeverte.com\/kayak-eco-tourisme\/wp-content\/uploads\/2014\/01\/echappee-verte-kayak-eco-tourisme-montpellier-herault-11.jpg\" alt=\"echappee-verte-kayak-eco-tourisme-montpellier-herault-11\" width=\"459\" height=\"198\" \/><\/a>\n<h2><a href=\"https:\/\/www.echappeeverte.com\/kayak-eco-tourisme\/kayak-de-mer\/intitiation-au-stand-up-paddle\/\">Initiation stand up paddle<\/a><\/h2>\n<a href=\"https:\/\/www.echappeeverte.com\/kayak-eco-tourisme\/kayak-de-mer\/intitiation-au-stand-up-paddle\/\"><img class=\"alignnone wp-image-311\" src=\"https:\/\/www.echappeeverte.com\/kayak-eco-tourisme\/wp-content\/uploads\/2014\/01\/photo-sup-.jpg\" alt=\"photo sup\" width=\"460\" height=\"198\" \/><\/a>\n<h2><a href=\"https:\/\/www.echappeeverte.com\/kayak-eco-tourisme\/kayak-de-mer\/olympiades-aquatiques\/\">Olympiades aquatiques<\/a><\/h2>\n<a href=\"https:\/\/www.echappeeverte.com\/kayak-eco-tourisme\/kayak-de-mer\/olympiades-aquatiques\/\"><img class=\"alignnone wp-image-308\" src=\"https:\/\/www.echappeeverte.com\/kayak-eco-tourisme\/wp-content\/uploads\/2014\/01\/photo-groupe-3-web.jpg\" alt=\"photo groupe 3 web\" width=\"459\" height=\"198\" \/><\/a>","_et_gb_content_width":"","footnotes":""},"class_list":["post-13","page","type-page","status-publish","hentry"],"aioseo_notices":[],"_links":{"self":[{"href":"https:\/\/www.echappeeverte.com\/kayak-eco-tourisme\/wp-json\/wp\/v2\/pages\/13","targetHints":{"allow":["GET"]}}],"collection":[{"href":"https:\/\/www.echappeeverte.com\/kayak-eco-tourisme\/wp-json\/wp\/v2\/pages"}],"about":[{"href":"https:\/\/www.echappeeverte.com\/kayak-eco-tourisme\/wp-json\/wp\/v2\/types\/page"}],"author":[{"embeddable":true,"href":"https:\/\/www.echappeeverte.com\/kayak-eco-tourisme\/wp-json\/wp\/v2\/users\/1"}],"replies":[{"embeddable":true,"href":"https:\/\/www.echappeeverte.com\/kayak-eco-tourisme\/wp-json\/wp\/v2\/comments?post=13"}],"version-history":[{"count":92,"href":"https:\/\/www.echappeeverte.com\/kayak-eco-tourisme\/wp-json\/wp\/v2\/pages\/13\/revisions"}],"predecessor-version":[{"id":2748,"href":"https:\/\/www.echappeeverte.com\/kayak-eco-tourisme\/wp-json\/wp\/v2\/pages\/13\/revisions\/2748"}],"wp:attachment":[{"href":"https:\/\/www.echappeeverte.com\/kayak-eco-tourisme\/wp-json\/wp\/v2\/media?parent=13"}],"curies":[{"name":"wp","href":"https:\/\/api.w.org\/{rel}","templated":true}]}}